Is 12370 a multiple of 37?
False
Is 25290 a multiple of 45?
True
Does 4 divide 270?
False
Is 1509 a multiple of 112?
False
Is 15 a factor of 5940?
True
Does 16 divide 1600?
True
Is 14 a factor of 91?
False
Is 34 a multiple of 16?
False
Is 8176 a multiple of 8?
True
Is 6 a factor of 1782?
True
Does 113 divide 791?
True
Is 3016 a multiple of 81?
False
Does 30 divide 10865?
False
Is 37 a factor of 999?
True
Is 4056 a multiple of 12?
True
Is 265 a multiple of 53?
True
Does 39 divide 1404?
True
Is 11362 a multiple of 30?
False
Is 2853 a multiple of 22?
False
Does 68 divide 28133?
False
Is 5319 a multiple of 119?
False
Is 22 a factor of 9560?
False
Is 40 a multiple of 4?
True
Is 45 a factor of 109890?
True
Does 2 divide 2367?
False
Is 5666 a multiple of 7?
False
Is 1039 a multiple of 4?
False
Does 8 divide 12328?
True
Is 290 a factor of 14500?
True
Does 86 divide 63554?
True
Is 15880 a multiple of 40?
True
Does 2 divide 6664?
True
Is 18 a factor of 9180?
True
Is 1896 a multiple of 158?
True
Is 17 a factor of 1224?
True
Does 43 divide 215?
True
Does 11 divide 59?
False
Is 33 a factor of 7524?
True
Is 1573 a multiple of 11?
True
Is 4602 a multiple of 13?
True
Does 21 divide 499?
False
Is 13 a factor of 196482?
True
Is 54 a factor of 10638?
True
Does 18 divide 560?
False
Is 47829 a multiple of 149?
True
Is 48 a multiple of 8?
True
Is 13 a factor of 1514?
False
Is 1672 a multiple of 38?
True
Is 23 a factor of 3368?
False
Is 15 a factor of 1243?
False
Is 4 a factor of 3934?
False
Is 6244 a multiple of 2?
True
Is 18 a factor of 72?
True
Is 2800 a multiple of 14?
True
Does 67 divide 2680?
True
Is 1020 a multiple of 5?
True
Is 180 a multiple of 3?
True
Is 17 a factor of 9792?
True
Does 29 divide 668?
False
Is 85620 a multiple of 20?
True
Does 18 divide 4860?
True
Is 2230 a multiple of 7?
False
Does 47 divide 21526?
True
Is 93 a multiple of 7?
False
Is 2384 a multiple of 8?
True
Is 30 a factor of 720?
True
Does 3 divide 21006?
True
Does 11 divide 21065?
True
Does 11 divide 451?
True
Is 32538 a multiple of 38?
False
Is 87 a multiple of 87?
True
Does 11 divide 2024?
True
Is 42 a multiple of 7?
True
Is 3133 a multiple of 62?
False
Does 71 divide 711?
False
Is 4590 a multiple of 18?
True
Is 12 a factor of 5088?
True
Does 3 divide 77?
False
Does 39 divide 2301?
True
Is 3 a factor of 3879?
True
Does 3 divide 445?
False
Is 3 a factor of 1044?
True
Is 7 a factor of 20188?
True
Does 100 divide 900?
True
Is 4 a factor of 346?
False
Is 30 a factor of 24683?
False
Does 14 divide 1582?
True
Is 21 a factor of 6342?
True
Is 47 a factor of 188?
True
Is 6 a factor of 6?
True
Is 3 a factor of 1095?
True
Does 326 divide 8937?
False
Is 40336 a multiple of 16?
True
Is 883 a multiple of 30?
False
Is 18 a factor of 22500?
True
Does 268 divide 65124?
True
Is 29962 a multiple of 18?
False
Is 763 a multiple of 7?
True
Does 72 divide 143712?
True
Does 20 divide 5215?
False
Is 6 a factor of 4439?
False
Does 134 divide 9380?
True
Is 19173 a multiple of 7?
True
Is 94 a multiple of 5?
False
Is 4621 a multiple of 230?
False
Is 389 a factor of 89081?
True
Does 2 divide 111?
False
Does 10 divide 65?
False
Does 25 divide 3270?
False
Is 17 a factor of 277?
False
Is 11 a factor of 858?
True
Does 22 divide 66?
True
Is 31 a factor of 3813?
True
Does 26 divide 804?
False
Is 4 a factor of 848?
True
Does 92 divide 7645?
False
Is 42321 a multiple of 11?
False
Does 29 divide 899?
True
Is 2881 a multiple of 4?
False
Does 52 divide 1924?
True
Does 28 divide 45771?
False
Does 6 divide 24?
True
Does 208 divide 12208?
False
Is 14 a factor of 882?
True
Is 2638 a multiple of 21?
False
Does 53 divide 7791?
True
Is 2861 a multiple of 3?
False
Is 15 a factor of 4410?
True
Is 361 a multiple of 9?
False
Is 45 a multiple of 5?
True
Is 3603 a multiple of 29?
False
Does 10 divide 4190?
True
Is 252 a multiple of 9?
True
Is 263 a factor of 66802?
True
Does 71 divide 3292?
False
Does 14 divide 1722?
True
Is 9 a factor of 342?
True
Is 20 a factor of 544?
False
Does 53 divide 371?
True
Is 844 a multiple of 59?
False
Is 11 a factor of 420?
False
Does 13 divide 7943?
True
Does 20 divide 200?
True
Is 41 a factor of 4059?
True
Is 88 a multiple of 3?
False
Is 270 a multiple of 28?
False
Does 16 divide 343?
False
Is 1253 a multiple of 7?
True
Is 11 a factor of 847?
True
Is 4 a factor of 99?
False
Is 15 a factor of 10531?
False
Is 8379 a multiple of 49?
True
Does 49 divide 41960?
False
Is 2052 a multiple of 11?
False
Is 19647 a multiple of 19?
False
Is 38 a factor of 7755?
False
Does 17 divide 3264?
True
Does 6 divide 233?
False
Is 24 a factor of 98493?
False
Is 17875 a multiple of 65?
True
Is 672 a multiple of 14?
True
Is 23 a factor of 92?
True
Is 19 a factor of 2508?
True
Is 34560 a multiple of 18?
True
Is 34 a factor of 1020?
True
Is 64 a factor of 31213?
False
Is 8 a factor of 55160?
True
Is 2 a factor of 296?
True
Is 733 a multiple of 10?
False
Is 2054 a multiple of 13?
True
Is 176 a factor of 6287?
False
Is 21348 a multiple of 18?
True
Is 120336 a multiple of 138?
True
Is 1024 a multiple of 20?
False
Is 71 even?
False
Is 395 a multiple of 17?
False
Does 10 divide 90?
True
Is 2 a factor of 922?
True
Is 3508 a multiple of 52?
False
Is 22 a factor of 2046?
True
Does 32 divide 16448?
True
Is 31 a factor of 1154?
False
Is 36 a factor of 1931?
False
Is 70 a factor of 11347?
False
Does 23 divide 1135?
False
Is 105 a factor of 1008?
False
Is 71 a factor of 14697?
True
Is 2492 a multiple of 14?
True
Is 585 a multiple of 6?
False
Is 71 a factor of 3428?
False
Does 40 divide 7337?
False
Is 5 a factor of 562?
False
Does 38 divide 830?
False
Is 12 a factor of 16644?
True
Does 19 divide 703?
True
Is 1557 a multiple of 3?
True
Is 19 a factor of 304?
True
Is 540 a multiple of 27?
True
Is 19 a factor of 8756?
False
Does 44 divide 3251?
False
Is 5 a factor of 275?
True
Does 7 divide 955?
False
Is 13615 a multiple of 12?
False
Does 23 divide 9545?
True
Is 118 a factor of 172516?
True
Is 33 a factor of 2860?
False
Is 208 a factor of 22880?
True
Does 4 divide 15888?
True
Is 11 a factor of 17434?
False
Is 17 a factor of 21369?
True
Is 47042 a multiple of 22?
False
Is 9 a factor of 828?
True
Does 27 divide 11529?
True
Does 42 divide 294?
True
Does 67 divide 31359?
False
Does 33 divide 3300?
True
Does 54 divide 31034?
False
Is 1040 a multiple of 11?
False
Is 14 a factor of 41375?
False
Is 21 a factor of 3671?
False
Is 49 a factor of 637?
True
Is 13507 a multiple of 40?
False
Does 66 divide 19389?
False
Is 23366 a multiple of 45?
False
Is 7 a factor of 55126?
False
Does 6 divide 1332?
True
Is 45 a factor of 1035?
True
Does 31 divide 434?
True
Is 13 a factor of 14898?
True
Is 38 a factor of 4142?
True
Is 15 a factor of 2896?
False
Does 35 divide 253?
False
Is 3 a factor of 737?
False
Does 14 divide 371?
False
Is 22116 a multiple of 66?
False
Is 830 a multiple of 5?
True
Is 69 a factor of 2553?
True
Is 30264 a multiple of 26?
True
Is 4530 a multiple of 6?
True
Is 91 a factor of 2093?
True
Is 213 a factor of 5964?
True
Is 18 a factor of 4985?
False
Does 43 divide 1032?
True
Is 6 a factor of 3822?
True
Is 72 a factor of 31917?
False
Is 179 a multiple of 7?
False
Is 269 a multiple of 62?
False
Is 432 a multiple of 4?
True
Does 10 divide 760?
True
Is 1413 a multiple of 9?
True
Is 6760 a multiple of 13?
True
Is 28 a factor of 402?
False
Is 20 a factor of 1309?
False
Is 1043 a multiple of 7?
True
Is 42 a factor of 2718?
False
Does 20 divide 311?
False
Does 8 divide 2912?
True
Does 127 divide 5715?
True
Is 14 a factor of 5180?
True
Does 4 divide 153?
False
Does 33 divide 13233?
True
Is 21519 a multiple of 27?
True
Is 857 a multiple of 127?
False
Does 11 divide 1021?
False
Does 105 divide 28575?
False
Is 5 a factor of 580?
True
Does 70 divide 630?
True
Is 94 a factor of 13772?
False
Does 14 divide 1578?
False
Is 61420 a multiple of 13?
False
Is 13 a factor of 1183?
True
Is 97 a factor of 9215?
True
Is 143 a multiple of 11?
True
Does 89 divide 1449?
False
Is 466 a multiple of 17?
False
Is 6356 a multiple of 143?
False
Is 6552 a multiple of 39?
True
Is 592 a multiple of 16?
True
Is 33 a factor of 10857?
True
Is 119 a factor of 2530?
False
Is 22035 a multiple of 65?
True
Does 18 divide 756?
True
Does 174 divide 28884?
True
Does 6 divide 34358?
False
Doe